45.
5
Let w(n) = 2*n**2 - 10 - 15*n - 15 + 3. Let b be w(9). Suppose b*l + 20 = 0, -g + 5*g - 164 = 5*l. What is the highest common divisor of 24 and g?
12
Suppose -5*n - 80 = -2*o + 61, 3*o + 5*n = 124. Calculate the highest common factor of o and 9593.
53
Suppose -27*i - 39 - 69 = 0. Let t be 2/17 - (-192)/102 - i. Calculate the greatest common factor of t and 30.
6
Let s(p) = -157*p**3 + 9*p**2 - 5*p - 7. Let d be s(-2). What is the highest common divisor of d and 35?
35
Let j = 28976 - 41180. Let f be 2/10 + (j/(-45))/4. What is the highest common divisor of f and 102?
34
Suppose -39*k - 64 = -1936. What is the greatest common divisor of k and 39?
3
Suppose -57 + 111 = -3*b. Let u be 4/10 - (-4 + b/5). What is the greatest common divisor of 20 and u?
4
Let c = 0 - -640. Suppose 0 = -5*h + c - 420. Calculate the greatest common factor of 308 and h.
44
Let z be (-3 + 4 + -2)*5. Let q(a) = -a**3 - 4*a**2 + 6*a + 12. Let v be q(z). Let p = -192 + 248. What is the highest common factor of p and v?
7
Let v be 2 - (6/11 - 6981/33). Calculate the highest common divisor of v and 28045.
71
Let i be (-3682)/(-42) + (-1)/(-3). Let p(a) = -2*a**2 - 3*a**2 - 9*a + 6*a**2 + 31. Let n be p(5). What is the greatest common factor of i and n?
11
Let q(p) = 5*p**2 - 21*p + 9. Let h be q(10). Suppose -3*w = -0*w - 3*u - 66, 0 = -2*w + 3*u + 43. What is the greatest common factor of w and h?
23
Suppose -52*r + 87*r = 2975. Calculate the highest common divisor of r and 1955.
85
Let o(l) = -2*l**2 + 41*l - 129. Let z be o(6). Calculate the greatest common factor of z and 1098.
9
Suppose -2*t - 3*w = -300, -2*w + w + 150 = t. What is the greatest common factor of t and 650?
50
Suppose 3*f - 3210 = 5*d, -4*f - 30*d + 4280 = -27*d. Calculate the highest common factor of 3424 and f.
214
Let g be -10*(0/(-3) - 2). Let x(p) = -15*p + 8 + 4*p**2 + 8 - 14 + 3. Let w be x(-5). What is the greatest common factor of g and w?
20
Suppose 5*a + 3*m = 94, 66 = 5*m + 51. Suppose -2919 = -a*h + 6057. Calculate the greatest common factor of 16 and h.
16
Let b be (6/44 + 216/594)*202. What is the greatest common divisor of 8888 and b?
101
Let m be (-5)/((-40)/(-268))*28 - -5. Let u = m + 1053. Calculate the greatest common divisor of 36 and u.
12
Let r = -3854 + 9450. Calculate the greatest common divisor of r and 4.
4
Let v(k) = 4*k - 24. Let r be v(10). Let z = -4 + 9. Let t = z + 3. What is the greatest common factor of t and r?
8
Let l(g) = g + 6. Let f(p) = p**2 + 17*p + 15. Let v be f(-17). Let z be l(v). Let s = 48 - z. What is the greatest common factor of 54 and s?
27
Suppose -10853 = -87*m + 4372. Calculate the highest common divisor of 2240 and m.
35
Suppose -3*m - 5*s = -47410 + 8648, -7*m - s = -90370. Calculate the highest common divisor of m and 39.
39
Suppose 0 = 2*y - 39 + 17. Suppose -750 = 8*l - y*l. What is the greatest common divisor of 150 and l?
50
Let g(v) = 40*v + 114. Let j be g(10). Let z = j - 509. Let r = -21 - -76. What is the greatest common divisor of r and z?
5
Let a(c) = 16*c - 153. Suppose 0 = p + 4*h, -3*h = -5*p - 6*h + 51. Let f be a(p). Calculate the highest common factor of f and 39.
39
Let k be 28*(1 - (-348)/48). What is the highest common factor of 847 and k?
77
Let q be (140/42)/(3/4374). Suppose -9*g = -3*g - q. Calculate the highest common factor of g and 90.
90
Suppose f = 11 + 45. Let n be (4104/(-351))/76 - (366/13)/(-1). What is the greatest common factor of f and n?
28
Suppose -225 = -3*v - 3*l, -2*l = 3*v - 4*l - 230. Let q be (5 - 0*5/(-20)) + v. What is the highest common divisor of q and 9?
9
Let t(g) = 2*g**2 - 5*g. Let l(n) = n**2 + n. Let b(d) = 2*l(d) + t(d). Let a be b(3). Let i = -2417 + 2633. Calculate the greatest common divisor of a and i.
27
Let c(h) = 168*h**2 + 367*h + 20. Let j be c(6). Calculate the highest common divisor of j and 20.
10
Let h(v) = 2*v**3 + 3*v - 4. Suppose 22*m + 7 - 29 = 0. Let a be h(m). Let c(b) = -b + 4. Let w be c(-4). Calculate the greatest common divisor of w and a.
1
Suppose -3*b + 5*i + 31 = 0, -b - 4*i = -11 - 5. Let a = 2052 + -2048. What is the greatest common divisor of a and b?
4
Suppose 0 = -7*h + 2*h + 15. Suppose h*i + t = 21, i = -0*i - 5*t - 7. Suppose -514 - 766 = -i*g. What is the highest common factor of g and 10?
10
Suppose 3*j - 32 - 4 = 48. Suppose 4*i - 2*t - 1296 = 0, 432 = 5*i + 3*t - 1166. Calculate the highest common factor of j and i.
14
Let k be 5 - (0 - (2 + -5)). Suppose 2*a + 32 = n + a, -k*a - 4 = 0. Let i = -167 + 182. What is the highest common factor of n and i?
15
Suppose 0 = -a - p - 26 - 1, a - 5*p = -21. Let j = -130 - -111. Let q = j - a. Calculate the highest common factor of q and 56.
7
Let r be ((-4)/(-5))/((-114)/90345). Let s be r/(-42) - 18/189. Calculate the greatest common factor of 90 and s.
15
Let b = -10366 - -12684. Calculate the greatest common divisor of b and 38.
38
Suppose 4876*l - 4877*l = -209. Suppose 3*j - 55 = 2*d, 93 = 3*j + 2*j - 2*d. Calculate the highest common factor of l and j.
19
Suppose -2*x - 3*f + 371 = 0, -209*f + 206*f = 3. What is the greatest common divisor of 697 and x?
17
Let a(k) = -9*k**2 - 14*k + 6. Let h be a(-3). Let y = 75 - h. Calculate the greatest common factor of y and 8.
4
Suppose 0 = 3*i - 6*i + 4*s + 19, 0 = i - s - 6. Suppose i*u = 4*p - 308, -2*p + 154 = 3*u - u. What is the highest common divisor of p and 33?
11
Suppose -24*s = 25*s - 12*s - 14911. What is the highest common divisor of s and 26?
13
Let m(n) = n**3 + 6*n**2 + 6*n - 5. Let y = -12 - -8. Let w be m(y). Suppose -w*i + 56 = -i. What is the highest common factor of i and 4?
4
Suppose 72*v = 71*v + q + 1290, -3*v + 3882 = -q. What is the highest common factor of v and 414?
18
Let b be (9 - 0)*1*(-20)/(-30). What is the greatest common factor of b and 186?
6
Suppose 3*c + 201 = z - 203, 5*c = 35. Calculate the greatest common divisor of 323 and z.
17
Let n = 6 - 20. Let h(u) = 13*u - 113. Let m(p) = -4*p + 39. Let s(f) = -6*h(f) - 17*m(f). Let i be s(n). What is the greatest common factor of i and 31?
31
Let d be -32*(500/(-275) - 4/(-88)*-4). Calculate the greatest common divisor of d and 4.
4
Let t be -4*(-21)/(-14) - -8. Let g be (-4)/(-14)*(1 - (-12)/t). What is the highest common factor of 94 and g?
2
Let w(p) = 377*p - 710. Let y be w(2). What is the greatest common divisor of y and 164?
4
Suppose -244*j + 1890 = -249*j. Let u be j/(-8) + -3*(-3)/(-36). Calculate the greatest common factor of u and 423.
47
Suppose 18*h - 7*h = 825. Suppose h*t = 72*t + 1872. What is the highest common divisor of t and 39?
39
Let m be 3*1 - -126*3/2. Suppose -5*f - g = -5*g + 168, 5*f + 4*g = -m. Let z be (24/f)/(75/(-36) - -2). Calculate the greatest common divisor of z and 88.
8
Let i = -721 + 1241. What is the highest common factor of i and 24?
8
Let r(f) = 88*f - 605. Let y be r(33). What is the greatest common factor of y and 847?
121
Let b be 1190/(-119) - (-3 + 2)*692. What is the highest common factor of 110 and b?
22
Let q be (-3)/((-45)/12)*60/8. Suppose -q = 8*v - 246. What is the highest common divisor of 24 and v?
6
Suppose -g + 60 - 598 = 0. Let d = g - -846. What is the greatest common divisor of 28 and d?
28
Let m(r) = -326*r + 491. Let o be m(-7). What is the highest common factor of o and 59?
59
Let x be 46 + -42 + 4123 + -3 + 4. Calculate the greatest common divisor of 96 and x.
96
Let x(v) = -49*v**2 - 221*v - 4. Let n be x(-4). What is the highest common divisor of 58 and n?
2
Suppose -4*l = -11 - 13. Let n be 17/2*12/l. Suppose -3*i + 355 = -2*t, 0*i + i = -5*t + 124. What is the highest common factor of n and i?
17
Let w = -3 - -7. Suppose w*b - 7 - 9 = 0. Let g = 619 - 603. What is the greatest common divisor of b and g?
4
Suppose -4316 + 57768 = 83*h. What is the highest common divisor of h and 368?
92
Let s = 190 + -190. Suppose s = -5*c, -8*c + 198 = w - 12*c. Calculate the greatest common factor of w and 36.
18
Suppose -a - 3*a + 10 = -j, -a = 4*j + 6. Suppose 0 = -5*r - 3*b + 543, 0*b - a*b = -2. Calculate the greatest common factor of r and 72.
36
Suppose 920 = -36*x + 5*x + 5136. Calculate the highest common factor of 72 and x.
8
Suppose 3*d - 2*p - 1222 = 0, -3*d + 4*p + 673 = -553. Suppose -16*y + 266 = -d. What is t